{"id":27,"date":"2023-11-25T12:13:33","date_gmt":"2023-11-25T15:13:33","guid":{"rendered":"https:\/\/dicasdejardim.online\/?page_id=27"},"modified":"2023-11-25T12:13:34","modified_gmt":"2023-11-25T15:13:34","slug":"sobre","status":"publish","type":"page","link":"https:\/\/dicasdejardim.online\/?page_id=27","title":{"rendered":"Sobre"},"content":{"rendered":"\n<p>Seja bem vindo ao nosso site. Aqui voc\u00ea encontrar\u00e1 diversas dicas de Jardins para seu lar !!!<\/p>\n\n\n\n<p>Navegue a vontade em nosso site! <\/p>\n\n\n\n<p>Quer se tornar membro do nosso site? tem alguma duvida sobre? para mais informa\u00e7\u00f5es nos contate por E-mail pelo formul\u00e1rio <\/p>\n","protected":false},"excerpt":{"rendered":"<p>Seja bem vindo ao nosso site. Aqui voc\u00ea encontrar\u00e1 diversas dicas de Jardins para seu lar !!! Navegue a vontade<\/p>\n","protected":false},"author":1,"featured_media":0,"parent":0,"menu_order":0,"comment_status":"closed","ping_status":"closed","template":"","meta":{"colormag_page_container_layout":"default_layout","colormag_page_sidebar_layout":"default_layout","footnotes":""},"class_list":["post-27","page","type-page","status-publish","hentry"],"aioseo_notices":[],"_links":{"self":[{"href":"https:\/\/dicasdejardim.online\/index.php?rest_route=\/wp\/v2\/pages\/27","targetHints":{"allow":["GET"]}}],"collection":[{"href":"https:\/\/dicasdejardim.online\/index.php?rest_route=\/wp\/v2\/pages"}],"about":[{"href":"https:\/\/dicasdejardim.online\/index.php?rest_route=\/wp\/v2\/types\/page"}],"author":[{"embeddable":true,"href":"https:\/\/dicasdejardim.online\/index.php?rest_route=\/wp\/v2\/users\/1"}],"replies":[{"embeddable":true,"href":"https:\/\/dicasdejardim.online\/index.php?rest_route=%2Fwp%2Fv2%2Fcomments&post=27"}],"version-history":[{"count":1,"href":"https:\/\/dicasdejardim.online\/index.php?rest_route=\/wp\/v2\/pages\/27\/revisions"}],"predecessor-version":[{"id":28,"href":"https:\/\/dicasdejardim.online\/index.php?rest_route=\/wp\/v2\/pages\/27\/revisions\/28"}],"wp:attachment":[{"href":"https:\/\/dicasdejardim.online\/index.php?rest_route=%2Fwp%2Fv2%2Fmedia&parent=27"}],"curies":[{"name":"wp","href":"https:\/\/api.w.org\/{rel}","templated":true}]}}